 v - 5. Calculate j(s).
7
Let f be 73/(-5) - 2/5. Suppose 2*y = 4*r + 14, 0 = -2*y + 7*r - 2*r + 11. Let m = f + y. Let c(k) = -2*k - 1. Give c(m).
3
Let n(w) be the third derivative of -w**5/60 + w**4/4 - w**3/2 + w**2. Let g = -176 + 180. Determine n(g).
5
Let j = 6 + -3. Suppose -j*c - c = 8. Let b(m) be the second derivative of -3*m**5/20 - m**4/6 + m**3/6 + m**2/2 - 10*m. What is b(c)?
15
Let d(j) = 9*j - 16. Let m(c) = -c. Let b(l) = d(l) + 6*m(l). Calculate b(7).
5
Suppose 0 + 8 = 8*c. Let x(b) = b**3 - 3*b**2 + 5*b + 10. Let l(p) = p**3 + p**2 + 1. Let g(i) = c*x(i) - 2*l(i). What is g(-6)?
14
Suppose 0*c + 2*c - 14 = 0. Let v = -10 + 13. Let u(k) = -k**2 + 8 - v + 22*k - 16*k. Determine u(c).
-2
Let v(g) = -6*g + 2. Let j(p) = 5*p - 2. Let q(f) = 5*j(f) + 4*v(f). Let y be 3/(60/16 - 3). Calculate q(y).
2
Let j = 216 + -220. Let m(x) = x**2 + 4*x - 4. Determine m(j).
-4
Let a(u) = -u - 5. Let s(i) = i**3 - 13*i**2 + 13*i - 6. Let v be s(12). Let f be (v/21)/(3/21). Suppose f + 8 = -2*r. Determine a(r).
0
Let l(b) = b**2 - 3*b - 3. Let s(i) = i**2 + 15*i + 4. Let t be s(-15). Suppose 0 = -4*d - 2*o - 3*o + 2, -t*d - 2*o = 4. Calculate l(d).
7
Let u(o) = 0*o + 3*o - 2*o. What is u(-5)?
-5
Let f(w) be the third derivative of w**5/12 + w**4/12 - 5*w**3/6 + 16*w**2. Let n(c) = -15*c**2 - 5*c + 14. Let k(d) = -11*f(d) - 4*n(d). Calculate k(-1).
6
Let f(u) = 2*u**3 + 4*u**2 + 2*u - 13. Let n(w) = -4*w**3 - 9*w**2 - 4*w + 28. Let x(c) = 13*f(c) + 6*n(c). What is x(1)?
1
Let i(c) = 16*c - 4 + 4*c + c**2 - 2*c**2 - 7*c. Give i(9).
32
Let t be (-2)/19 - ((-21)/(-21))/((-19)/59). Let l(g) = -4 + g + 8 + 0. What is l(t)?
7
Let y(o) = o**3 - 7*o**2 - 11*o + 10. Suppose -4*u = 2*x - 26, -5*x + u = -13 + 3. Suppose 4*t + v = 28, v = -5*t + 39 - x. What is y(t)?
-14
Let f(v) be the third derivative of v**5/60 + 2*v**4/3 + 11*v**3/6 + 99*v**2 - 2. Give f(-15).
-4
Let x(g) = -g + 12. Let m(c) = c**3 - 10*c**2 - 25*c + 12. Let z be m(12). Give x(z).
12
Let d(a) be the first derivative of 0*a**2 + a + 2 - 2/3*a**3. Let g = 36 - 35. Calculate d(g).
-1
Let u = -28 - -30. Let y(z) = z**3 - 6*z**u - 700 + 700 + 3*z. What is y(2)?
-10
Let f(r) be the second derivative of -3*r + 1/2*r**2 - 2/3*r**3 + 0. Calculate f(2).
-7
Let n(l) = -2*l**3 - 88*l + 95*l + l**3 + 7*l**2 + 1 + 2*l**3 + 4. Determine n(-6).
-1
Let x(w) be the second derivative of -w**5/40 + w**4/4 - 7*w**3/3 - 18*w. Let d(u) be the second derivative of x(u). Give d(6).
-12
Let z be (-164)/(-9) - 10/45. Let y(u) = -6*u**2 + u - 5 + 7*u + z. Let i(v) = -5*v**2 + 8*v + 12. Let r(n) = -7*i(n) + 6*y(n). What is r(-7)?
1
Let z(o) = -o**2 + 9*o - 11. Let u(k) = k**3 + 7*k**2 + 4*k - 4. Let l be u(-6). Calculate z(l).
-3
Let j(q) = q + 2. Let u(t) = -t - 6. Let i be u(-4). Let l = 2 - i. Let m be j(l). Let f(y) = y**2 - 4*y + 1. What is f(m)?
13
Let g(u) be the second derivative of -u**3/3 - 29*u**2 + 479*u. Calculate g(-27).
-4
Suppose -2*c - 14 + 0 = 0. Let a(u) = -11*u + 13. Let i(y) = -16*y + 19. Let b(l) = c*a(l) + 5*i(l). Calculate b(3).
-5
Let c(l) = 4*l**2 + l - 3. Suppose -w = -3*x + 17, 2*w + 5*x = -8 + 29. Give c(w).
11
Let a be 4*((-5)/4 - 0). Let u(n) be the first derivative of n**3/3 + 2*n**2 + n - 351. Calculate u(a).
6
Let g = -10 - 2. Let d be (-1)/2 - g/8. Let r(v) = 5*v**2 - 1 + 2*v**2 - 3*v**2. Give r(d).
3
Let x = 856 - 875. Let b(l) = -l**3 - 20*l**2 - 17*l + 17. Give b(x).
-21
Let q(r) = 2*r - 17. Let i be q(5). Let n(d) = d - 12. Determine n(i).
-19
Let r(z) = 9*z**2 + 2*z - 2. Let n(v) = 5*v**2 + v - 1. Let k(d) = 13*n(d) - 6*r(d). Let i be 7*(10/8)/(-1)*-4. Let l = -34 + i. What is k(l)?
11
Let x(z) be the first derivative of 25 + 1/3*z**3 + 2*z + 3/2*z**2. Give x(-2).
0
Let p = -5 + 7. Suppose -q + p*q = 2. Let d(u) = 5 - q*u - 2 - 4. Determine d(-1).
1
Let o = -1505 + 3766. Let t(m) = -o*m + m**3 - m**2 + 2261*m. Give t(2).
4
Let m = -272 + 266. Let a(o) = -o**3 - 5*o**2 + 7*o + 10. Give a(m).
4
Let z(k) = 13*k**2 - 25*k - 6. Let b(l) = -16*l**2 + 27*l + 6. Let q(w) = 5*b(w) + 6*z(w). Calculate q(-7).
1
Suppose -18*h = -13*h. Let y(z) = z + 7. Calculate y(h).
7
Let v(l) = -2*l - 3 + 0 - 4*l**2 + 2*l**2 - l**3. Let y be -9 + (56/21 - (-50)/15). What is v(y)?
12
Let l(g) = 5*g - 16 - 4*g**2 + 7 + 8 + 7 - g**3. Let k(v) = v**3 + 2*v**2 + 4. Let m be k(-3). Calculate l(m).
6
Let j(r) = -3 - 302*r + 17*r**2 - 18*r**2 + 311*r. What is j(6)?
15
Let d(p) = 2*p**2 - 7*p - 3. Let h(i) = i**2 - i - 3. Let s(a) = d(a) - h(a). Give s(6).
0
Let s(b) = 4*b**2 + 2*b - 4. Let r(a) = 4*a**2 + 46*a + 25. Let o be r(-11). Calculate s(o).
38
Let p = 25 + -21. Suppose -8 = -3*d - p*v, 3 = -2*d - 5*v + 4*v. Let s(t) be the third derivative of -t**4/12 + 5*t**3/6 + t**2. Determine s(d).
13
Let u(a) be the first derivative of a**3/3 + 2*a**2 - a - 28. Let v(p) = -p + 5. Let w be v(9). Calculate u(w).
-1
Let u(o) = -9*o**2 + 2*o + 2. Let y(l) = 11*l**2 - 3*l - 2. Let z(p) = 5*u(p) + 4*y(p). Suppose -2*k + 6 = -3*j + 2, 4*j - 5*k + 17 = 0. Calculate z(j).
-6
Let c(k) = 6*k + 3. Let d be (0 - -1 - 3) + -1. Let s be 24/18*d/2. Let x(y) = -y**2 - y. Let w be x(s). Determine c(w).
-9
Let h(o) = o**3 - 2*o**2 - 2*o - 4. Let r be (21/(-35))/(1/(-5) + 0). Suppose 4*k - f - 4*f - 18 = 0, -k - 4 = 3*f. Suppose k*c - r = c. Calculate h(c).
-1
Let v(u) be the third derivative of -u**4/12 - 5*u**3/3 - 245*u**2. What is v(-2)?
-6
Let f(t) = -t + 8. Let i(x) = x - 10. Let k be i(7). Let q(l) = -l**3 - 2*l**2 + 3*l + 1. Let y be q(k). Let p = y + 5. Give f(p).
2
Let a be 42/8 + 11/(88/(-2)). Let w(b) = 5*b**2 + 7*b + 7. Let v(q) = -11*q**2 - 14*q - 14. Let t(z) = 6*v(z) + 13*w(z). Calculate t(a).
17
Let l(i) = 20*i**2 - 13*i - 22. Let u(k) = 7*k**2 - 4*k - 8. Let j(t) = -6*l(t) + 17*u(t). Calculate j(4).
20
Let o(i) = 5*i**2 + 1. Let l = -11 - -12. Let v be o(l). Let r(p) be the first derivative of p**2/2 - 7*p + 1. Give r(v).
-1
Let w(s) = -s**3 + 2*s**2 - 7. Let m(v) = v**2 - 2*v + 1. Let p(b) = -2*m(b) - w(b). Give p(3).
8
Let w(v) be the second derivative of v**4/12 + 11*v**2 + 37*v. Let l be (-3 + 3)/(3 - 4). Give w(l).
22
Let w(h) be the second derivative of -h**5/20 - h**3/3 + h**2 + 77*h. What is w(2)?
-10
Let h(t) = 9 + 27*t - 12*t - 19*t. What is h(7)?
-19
Let i = 181 - 177. Let n(t) = t**3 - 5*t**2 + 4*t - 3. Give n(i).
-3
Suppose 0 = -3*u + 5*c + 3, 0 = 3*u - 2*c - 3. Let i(f) = -f**2 - f + 1. Let t(a) = -a**2 + 3*a + 5. Let j(l) = u*t(l) - 2*i(l). What is j(-6)?
9
Let l(c) = c**3 + 5*c**2 + 2*c + 1. Let x be (3/4)/(2/8). Suppose -5*a + 14 = 4*k - 2*a, 4*k - x*a = 2. Suppose 0 + 3 = d - 2*n, d = -k*n - 13. Give l(d).
-9
Let w(f) = f**2 + 3*f. Let x be w(-3). Suppose x = q - 22 + 18. Let i(m) = m**2 - 6*m. Calculate i(q).
-8
Let v = 6701 - 6698. Let n(w) be the second derivative of -1/6*w**3 + 0 + w - 1/3*w**4 + 2*w**2 + 1/20*w**5. Calculate n(v).
-8
Let a(u) = -13*u**2 - 15 - 3 + 4 - 3*u**3 - 13*u + 2*u**3. Give a(-12).
-2
Suppose -w = -3*c - 25, -c - 4*c - 100 = -4*w. Let v be 15/w - 3/5. Suppose 3*l - 2 - 10 = v. Let b(d) = d**3 - 3*d**2 - 7*d + 6. What is b(l)?
-6
Let y(c) = 9*c**3 - 26*c**2 - 18*c - 12. Let u(w) = 11*w**3 - 29*w**2 - 19*w - 12. Let o(p) = -4*u(p) + 5*y(p). Give o(15).
3
Let f(b) = -b - 2. Suppose 32 = -3*i - 0*i - 4*z, 0 = -5*i + 5*z - 65. Determine f(i).
10
Let w(u) = 4*u + 1. Let b be 36/60 - (-77)/5. Let k = 7 - b. Let i be (-36)/k - (-4)/(-2). Calculate w(i).
9
Let y(q) = 2*q - 8*q**3 - 4*q**2 + 12*q**3 + 2*q**2 - 5*q**3. Suppose 0*d - 4*d - 12 = 0. Give y(d).
3
Let w(f) = 3*f + 35 + 8*f + 5*f - 15*f + 2*f. What is w(-13)?
-4
Let q(j) = j**3 - 13*j**2 + 12*j + 7. Let n = 1371 + -1359. Calculate q(n).
7
Let j(b) = 3*b - 5. Let z(t) = -t + 12. Let y be z(7). Let m(i) = i**3 - 4*i**2 - 4*i + 12. Let o be m(y). Let x = -13 + o. What is j(x)?
7
Let i(u) = 20 - 3 - 12 + 7*u + 1. Determine i(-6).
-36
Let n(l) = -3*l**2 - 6*l**2 + 17949*l**3 - 4 - 17948*l**3 + 2*l + 2*l + 5*l. Suppose 0 = -4*k + 6*v - 4*v + 26, -2*k - 5*v = -31. Calculate n(k).
4
Let i(l) = 3*l**3 - 4*l**2. Let o be i(3). Let w = -41 + o. Let n(t) = -t**3 + 4*t**2 + 4*t - 2. Give n(w).
14
Let l be (-4 + 42/8)/(1/4). Let s(d) be the first derivative of -d**2 + 2*d - 1. Determine s(l).
-8
Suppose 0 = -8*o + 77 - 45. Let c